{"id":27,"date":"2023-05-10T22:26:06","date_gmt":"2023-05-10T22:26:06","guid":{"rendered":"https:\/\/arbolesartificiales.net\/?page_id=27"},"modified":"2023-06-16T13:41:08","modified_gmt":"2023-06-16T13:41:08","slug":"nosotros","status":"publish","type":"page","link":"https:\/\/arbolesartificiales.net\/?page_id=27","title":{"rendered":"Nosotros"},"content":{"rendered":"<h1>NOSOTROS <\/h1>\n<h1>MISI\u00d3N<\/h1>\n<hr>\n<div>\n<p>El objetivo de Plastic Trees es convertirse en un referente tanto a nivel social como econ\u00f3mico en el \u00e1mbito de los servicios de dise\u00f1o y creaci\u00f3n de paisajismo artificial. Buscamos alcanzar este liderazgo mediante una mejora continua en la calidad de nuestros productos y servicios, impulsada por nuestra constante dedicaci\u00f3n a la investigaci\u00f3n y desarrollo.<\/p>\n<\/div>\n<h1>VISI\u00d3N<\/h1>\n<hr>\n<div>\n<p>Plastic Trees es una compa\u00f1\u00eda especializada en dar vida a los sue\u00f1os a trav\u00e9s de la creaci\u00f3n de narrativas. Nos apoyamos en ideas creativas e innovadoras para dise\u00f1ar y construir espacios y exhibiciones ef\u00edmeras, como parques tem\u00e1ticos, rocas artificiales, cascadas y \u00e1rboles artificiales. Nuestro objetivo es crear entornos armoniosos que impulsen y mejoren las experiencias recreativas de las familias mediante el dise\u00f1o arquitect\u00f3nico y paisajista.<\/p>\n<p>Nos destacamos por ofrecer a nuestros clientes un servicio diferenciado que se basa en la seguridad, la rapidez, la calidad total y un liderazgo en costos. Contamos con un equipo de profesionales altamente capacitados que se aseguran de satisfacer las necesidades y expectativas de quienes soliciten nuestros servicios y productos.<\/p>\n<\/div>\n<div>\n<p>    <img decoding=\"async\" src=\"\/wp-content\/uploads\/2023\/05\/whatsapp-image-2020-04-08-at-12.21.43-pm.jpeg\" alt=\"\"><\/p>\n<\/div>\n<h1>NUESTROS PRODUCTOS SE PUEDEN OBTENER EN VENTA O ALQUILER<\/h1>\n<ul>\n<li>\n        <a href=\"https:\/\/wa.me\/57573104309155\">Escribir Whatsapp<\/a>\n    <\/li>\n<li>\n        <a href=\"tel:+573104309155\">Llamar:  3104309155<\/a>\n    <\/li>\n<\/ul>\n<p><!--more--><br \/>\n<!-- {\"type\":\"layout\",\"children\":[{\"type\":\"section\",\"props\":{\"image\":\"wp-content\\\/uploads\\\/2023\\\/05\\\/arboles-artificiales-inernos.jpg\",\"image_effect\":\"fixed\",\"image_position\":\"bottom-center\",\"image_size\":\"cover\",\"media_overlay\":\"rgba(0, 0, 0, 0.35)\",\"padding\":\"large\",\"style\":\"default\",\"title_breakpoint\":\"xl\",\"title_position\":\"top-left\",\"title_rotation\":\"left\",\"vertical_align\":\"middle\",\"width\":\"default\"},\"children\":[{\"type\":\"row\",\"children\":[{\"type\":\"column\",\"props\":{\"image_position\":\"center-center\",\"media_overlay_gradient\":\"\",\"position_sticky_breakpoint\":\"m\"},\"children\":[{\"type\":\"headline\",\"props\":{\"content\":\"NOSOTROS \",\"text_align\":\"center\",\"title_element\":\"h1\"}}]}]}]},{\"type\":\"section\",\"props\":{\"image_position\":\"center-center\",\"padding_remove_bottom\":false,\"style\":\"default\",\"title_breakpoint\":\"xl\",\"title_position\":\"top-left\",\"title_rotation\":\"left\",\"vertical_align\":\"middle\",\"width\":\"default\"},\"children\":[{\"type\":\"row\",\"children\":[{\"type\":\"column\",\"props\":{\"image_position\":\"center-center\",\"media_overlay_gradient\":\"\",\"position_sticky_breakpoint\":\"m\",\"width_medium\":\"1-2\"},\"children\":[{\"type\":\"headline\",\"props\":{\"content\":\"MISI\\u00d3N\",\"margin_remove_bottom\":true,\"text_align\":\"center\",\"title_element\":\"h1\",\"title_style\":\"h3\"}},{\"type\":\"divider\",\"props\":{\"divider_align\":\"center\",\"divider_element\":\"hr\",\"divider_style\":\"small\",\"margin_remove_top\":true}},{\"type\":\"text\",\"props\":{\"column_breakpoint\":\"m\",\"content\":\"\n\n<p>El objetivo de Plastic Trees es convertirse en un referente tanto a nivel social como econ\\u00f3mico en el \\u00e1mbito de los servicios de dise\\u00f1o y creaci\\u00f3n de paisajismo artificial. Buscamos alcanzar este liderazgo mediante una mejora continua en la calidad de nuestros productos y servicios, impulsada por nuestra constante dedicaci\\u00f3n a la investigaci\\u00f3n y desarrollo.<\\\/p>\",\"margin\":\"default\",\"text_align\":\"justify\"}}]},{\"type\":\"column\",\"props\":{\"image_position\":\"center-center\",\"media_overlay_gradient\":\"\",\"position_sticky_breakpoint\":\"m\",\"width_medium\":\"1-2\"},\"children\":[{\"type\":\"headline\",\"props\":{\"content\":\"VISI\\u00d3N\",\"margin_remove_bottom\":true,\"text_align\":\"center\",\"title_element\":\"h1\",\"title_style\":\"h3\"}},{\"type\":\"divider\",\"props\":{\"divider_align\":\"center\",\"divider_element\":\"hr\",\"divider_style\":\"small\",\"margin_remove_top\":true}},{\"type\":\"text\",\"props\":{\"column_breakpoint\":\"m\",\"content\":\"\n\n<p>Plastic Trees es una compa\\u00f1\\u00eda especializada en dar vida a los sue\\u00f1os a trav\\u00e9s de la creaci\\u00f3n de narrativas. Nos apoyamos en ideas creativas e innovadoras para dise\\u00f1ar y construir espacios y exhibiciones ef\\u00edmeras, como parques tem\\u00e1ticos, rocas artificiales, cascadas y \\u00e1rboles artificiales. Nuestro objetivo es crear entornos armoniosos que impulsen y mejoren las experiencias recreativas de las familias mediante el dise\\u00f1o arquitect\\u00f3nico y paisajista.<\\\/p>\\n\n\n<p>Nos destacamos por ofrecer a nuestros clientes un servicio diferenciado que se basa en la seguridad, la rapidez, la calidad total y un liderazgo en costos. Contamos con un equipo de profesionales altamente capacitados que se aseguran de satisfacer las necesidades y expectativas de quienes soliciten nuestros servicios y productos.<\\\/p>\",\"margin\":\"default\",\"text_align\":\"justify\"}}]}],\"props\":{\"layout\":\"1-2,1-2\",\"margin\":\"default\",\"margin_remove_bottom\":true}},{\"type\":\"row\",\"props\":{\"margin\":\"default\",\"margin_remove_bottom\":true},\"children\":[{\"type\":\"column\",\"props\":{\"image_position\":\"center-center\",\"media_overlay_gradient\":\"\",\"position_sticky_breakpoint\":\"m\"},\"children\":[{\"type\":\"gallery\",\"props\":{\"content_display\":\"item\",\"filter_align\":\"left\",\"filter_all\":true,\"filter_grid_breakpoint\":\"m\",\"filter_grid_width\":\"auto\",\"filter_position\":\"top\",\"filter_style\":\"tab\",\"grid_default\":\"1\",\"grid_large\":\"1\",\"grid_medium\":\"3\",\"image_border\":\"rounded\",\"image_height\":\"400\",\"image_loading\":false,\"image_orientation\":false,\"image_transition\":\"scale-up\",\"image_transition_border\":false,\"image_width\":\"1350\",\"item_animation\":true,\"lightbox\":false,\"lightbox_image_orientation\":true,\"link_style\":\"default\",\"link_text\":\"\",\"margin\":\"default\",\"meta_align\":\"below-title\",\"meta_element\":\"div\",\"meta_style\":\"text-meta\",\"overlay_hover\":true,\"overlay_link\":true,\"overlay_mode\":\"cover\",\"overlay_position\":\"center\",\"overlay_style\":\"overlay-primary\",\"overlay_transition\":\"fade\",\"show_content\":true,\"show_hover_image\":true,\"show_link\":true,\"show_meta\":true,\"show_title\":true,\"text_align\":\"center\",\"text_color\":\"light\",\"title_element\":\"h3\",\"title_hover_style\":\"reset\"},\"children\":[{\"type\":\"gallery_item\",\"props\":{\"image\":\"wp-content\\\/uploads\\\/2023\\\/05\\\/whatsapp-image-2020-04-08-at-12.21.43-pm.jpeg\"}}]}]}]}]},{\"type\":\"section\",\"props\":{\"image\":\"\",\"image_effect\":\"fixed\",\"image_loading\":false,\"image_position\":\"center-center\",\"image_size\":\"cover\",\"media_overlay\":\"rgba(0, 0, 0, 0.66)\",\"padding\":\"large\",\"sticky\":\"cover\",\"style\":\"default\",\"title_breakpoint\":\"xl\",\"title_position\":\"top-left\",\"title_rotation\":\"left\",\"vertical_align\":\"middle\",\"video\":\"wp-content\\\/uploads\\\/2023\\\/05\\\/f2.mp4\",\"width\":\"small\"},\"children\":[{\"type\":\"row\",\"props\":{\"column_gap\":\"large\",\"layout\":\"1-2,1-2\"},\"children\":[{\"type\":\"column\",\"props\":{\"image_position\":\"center-center\",\"media_overlay_gradient\":\"\",\"position_sticky_breakpoint\":\"m\",\"vertical_align\":\"middle\",\"width_medium\":\"1-2\"},\"children\":[{\"type\":\"headline\",\"props\":{\"content\":\"NUESTROS PRODUCTOS SE PUEDEN OBTENER EN VENTA O ALQUILER\",\"margin\":\"large\",\"title_element\":\"h1\",\"title_style\":\"h2\"}}]},{\"type\":\"column\",\"props\":{\"image_position\":\"center-center\",\"media_overlay_gradient\":\"\",\"position_sticky_breakpoint\":\"m\",\"width_medium\":\"1-2\"},\"children\":[{\"type\":\"button\",\"props\":{\"fullwidth\":true,\"grid_column_gap\":\"small\",\"grid_row_gap\":\"small\",\"margin\":\"default\"},\"children\":[{\"type\":\"button_item\",\"props\":{\"button_style\":\"default\",\"content\":\"Escribir Whatsapp\",\"icon\":\"whatsapp\",\"icon_align\":\"left\",\"link\":\"https:\\\/\\\/wa.me\\\/57573104309155\"}},{\"type\":\"button_item\",\"props\":{\"button_style\":\"primary\",\"content\":\"Llamar:  3104309155\",\"icon\":\"receiver\",\"icon_align\":\"left\",\"link\":\"tel:+573104309155\"}}]}]}]}],\"name\":\".descansador \"}],\"version\":\"3.0.31\"} --><\/p>\n","protected":false},"excerpt":{"rendered":"<p>NOSOTROS MISI\u00d3N El objetivo de Plastic Trees es convertirse en un referente tanto a nivel social como econ\u00f3mico en el \u00e1mbito de los servicios de dise\u00f1o y creaci\u00f3n de paisajismo artificial. Buscamos alcanzar este liderazgo mediante una mejora continua en la calidad de nuestros productos y servicios, impulsada por nuestra constante dedicaci\u00f3n a la investigaci\u00f3n [&hellip;]<\/p>\n","protected":false},"author":1,"featured_media":0,"parent":0,"menu_order":0,"comment_status":"closed","ping_status":"closed","template":"","meta":{"footnotes":""},"class_list":["post-27","page","type-page","status-publish","hentry"],"yoast_head":"<!-- This site is optimized with the Yoast SEO plugin v25.1 - https:\/\/yoast.com\/wordpress\/plugins\/seo\/ -->\n<title>Nosotros - FABRICA<\/title>\n<meta name=\"robots\" content=\"index, follow, max-snippet:-1, max-image-preview:large, max-video-preview:-1\" \/>\n<link rel=\"canonical\" href=\"https:\/\/arbolesartificiales.net\/?page_id=27\" \/>\n<meta property=\"og:locale\" content=\"es_ES\" \/>\n<meta property=\"og:type\" content=\"article\" \/>\n<meta property=\"og:title\" content=\"Nosotros - FABRICA\" \/>\n<meta property=\"og:description\" content=\"NOSOTROS MISI\u00d3N El objetivo de Plastic Trees es convertirse en un referente tanto a nivel social como econ\u00f3mico en el \u00e1mbito de los servicios de dise\u00f1o y creaci\u00f3n de paisajismo artificial. Buscamos alcanzar este liderazgo mediante una mejora continua en la calidad de nuestros productos y servicios, impulsada por nuestra constante dedicaci\u00f3n a la investigaci\u00f3n [&hellip;]\" \/>\n<meta property=\"og:url\" content=\"https:\/\/arbolesartificiales.net\/?page_id=27\" \/>\n<meta property=\"og:site_name\" content=\"FABRICA\" \/>\n<meta property=\"article:modified_time\" content=\"2023-06-16T13:41:08+00:00\" \/>\n<meta name=\"twitter:card\" content=\"summary_large_image\" \/>\n<meta name=\"twitter:label1\" content=\"Tiempo de lectura\" \/>\n\t<meta name=\"twitter:data1\" content=\"1 minuto\" \/>\n<script type=\"application\/ld+json\" class=\"yoast-schema-graph\">{\"@context\":\"https:\/\/schema.org\",\"@graph\":[{\"@type\":\"WebPage\",\"@id\":\"https:\/\/arbolesartificiales.net\/?page_id=27\",\"url\":\"https:\/\/arbolesartificiales.net\/?page_id=27\",\"name\":\"Nosotros - FABRICA\",\"isPartOf\":{\"@id\":\"https:\/\/arbolesartificiales.net\/#website\"},\"datePublished\":\"2023-05-10T22:26:06+00:00\",\"dateModified\":\"2023-06-16T13:41:08+00:00\",\"breadcrumb\":{\"@id\":\"https:\/\/arbolesartificiales.net\/?page_id=27#breadcrumb\"},\"inLanguage\":\"es-CO\",\"potentialAction\":[{\"@type\":\"ReadAction\",\"target\":[\"https:\/\/arbolesartificiales.net\/?page_id=27\"]}]},{\"@type\":\"BreadcrumbList\",\"@id\":\"https:\/\/arbolesartificiales.net\/?page_id=27#breadcrumb\",\"itemListElement\":[{\"@type\":\"ListItem\",\"position\":1,\"name\":\"Home\",\"item\":\"https:\/\/arbolesartificiales.net\/\"},{\"@type\":\"ListItem\",\"position\":2,\"name\":\"Nosotros\"}]},{\"@type\":\"WebSite\",\"@id\":\"https:\/\/arbolesartificiales.net\/#website\",\"url\":\"https:\/\/arbolesartificiales.net\/\",\"name\":\"FABRICA\",\"description\":\"ARTIFICIALES BOGOTA\",\"publisher\":{\"@id\":\"https:\/\/arbolesartificiales.net\/#organization\"},\"potentialAction\":[{\"@type\":\"SearchAction\",\"target\":{\"@type\":\"EntryPoint\",\"urlTemplate\":\"https:\/\/arbolesartificiales.net\/?s={search_term_string}\"},\"query-input\":{\"@type\":\"PropertyValueSpecification\",\"valueRequired\":true,\"valueName\":\"search_term_string\"}}],\"inLanguage\":\"es-CO\"},{\"@type\":\"Organization\",\"@id\":\"https:\/\/arbolesartificiales.net\/#organization\",\"name\":\"Plastic Trees\",\"url\":\"https:\/\/arbolesartificiales.net\/\",\"logo\":{\"@type\":\"ImageObject\",\"inLanguage\":\"es-CO\",\"@id\":\"https:\/\/arbolesartificiales.net\/#\/schema\/logo\/image\/\",\"url\":\"https:\/\/arbolesartificiales.net\/wp-content\/uploads\/2023\/06\/i2a.png\",\"contentUrl\":\"https:\/\/arbolesartificiales.net\/wp-content\/uploads\/2023\/06\/i2a.png\",\"width\":201,\"height\":201,\"caption\":\"Plastic Trees\"},\"image\":{\"@id\":\"https:\/\/arbolesartificiales.net\/#\/schema\/logo\/image\/\"}}]}<\/script>\n<!-- \/ Yoast SEO plugin. -->","yoast_head_json":{"title":"Nosotros - FABRICA","robots":{"index":"index","follow":"follow","max-snippet":"max-snippet:-1","max-image-preview":"max-image-preview:large","max-video-preview":"max-video-preview:-1"},"canonical":"https:\/\/arbolesartificiales.net\/?page_id=27","og_locale":"es_ES","og_type":"article","og_title":"Nosotros - FABRICA","og_description":"NOSOTROS MISI\u00d3N El objetivo de Plastic Trees es convertirse en un referente tanto a nivel social como econ\u00f3mico en el \u00e1mbito de los servicios de dise\u00f1o y creaci\u00f3n de paisajismo artificial. Buscamos alcanzar este liderazgo mediante una mejora continua en la calidad de nuestros productos y servicios, impulsada por nuestra constante dedicaci\u00f3n a la investigaci\u00f3n [&hellip;]","og_url":"https:\/\/arbolesartificiales.net\/?page_id=27","og_site_name":"FABRICA","article_modified_time":"2023-06-16T13:41:08+00:00","twitter_card":"summary_large_image","twitter_misc":{"Tiempo de lectura":"1 minuto"},"schema":{"@context":"https:\/\/schema.org","@graph":[{"@type":"WebPage","@id":"https:\/\/arbolesartificiales.net\/?page_id=27","url":"https:\/\/arbolesartificiales.net\/?page_id=27","name":"Nosotros - FABRICA","isPartOf":{"@id":"https:\/\/arbolesartificiales.net\/#website"},"datePublished":"2023-05-10T22:26:06+00:00","dateModified":"2023-06-16T13:41:08+00:00","breadcrumb":{"@id":"https:\/\/arbolesartificiales.net\/?page_id=27#breadcrumb"},"inLanguage":"es-CO","potentialAction":[{"@type":"ReadAction","target":["https:\/\/arbolesartificiales.net\/?page_id=27"]}]},{"@type":"BreadcrumbList","@id":"https:\/\/arbolesartificiales.net\/?page_id=27#breadcrumb","itemListElement":[{"@type":"ListItem","position":1,"name":"Home","item":"https:\/\/arbolesartificiales.net\/"},{"@type":"ListItem","position":2,"name":"Nosotros"}]},{"@type":"WebSite","@id":"https:\/\/arbolesartificiales.net\/#website","url":"https:\/\/arbolesartificiales.net\/","name":"FABRICA","description":"ARTIFICIALES BOGOTA","publisher":{"@id":"https:\/\/arbolesartificiales.net\/#organization"},"potentialAction":[{"@type":"SearchAction","target":{"@type":"EntryPoint","urlTemplate":"https:\/\/arbolesartificiales.net\/?s={search_term_string}"},"query-input":{"@type":"PropertyValueSpecification","valueRequired":true,"valueName":"search_term_string"}}],"inLanguage":"es-CO"},{"@type":"Organization","@id":"https:\/\/arbolesartificiales.net\/#organization","name":"Plastic Trees","url":"https:\/\/arbolesartificiales.net\/","logo":{"@type":"ImageObject","inLanguage":"es-CO","@id":"https:\/\/arbolesartificiales.net\/#\/schema\/logo\/image\/","url":"https:\/\/arbolesartificiales.net\/wp-content\/uploads\/2023\/06\/i2a.png","contentUrl":"https:\/\/arbolesartificiales.net\/wp-content\/uploads\/2023\/06\/i2a.png","width":201,"height":201,"caption":"Plastic Trees"},"image":{"@id":"https:\/\/arbolesartificiales.net\/#\/schema\/logo\/image\/"}}]}},"_links":{"self":[{"href":"https:\/\/arbolesartificiales.net\/index.php?rest_route=\/wp\/v2\/pages\/27","targetHints":{"allow":["GET"]}}],"collection":[{"href":"https:\/\/arbolesartificiales.net\/index.php?rest_route=\/wp\/v2\/pages"}],"about":[{"href":"https:\/\/arbolesartificiales.net\/index.php?rest_route=\/wp\/v2\/types\/page"}],"author":[{"embeddable":true,"href":"https:\/\/arbolesartificiales.net\/index.php?rest_route=\/wp\/v2\/users\/1"}],"replies":[{"embeddable":true,"href":"https:\/\/arbolesartificiales.net\/index.php?rest_route=%2Fwp%2Fv2%2Fcomments&post=27"}],"version-history":[{"count":33,"href":"https:\/\/arbolesartificiales.net\/index.php?rest_route=\/wp\/v2\/pages\/27\/revisions"}],"predecessor-version":[{"id":1141,"href":"https:\/\/arbolesartificiales.net\/index.php?rest_route=\/wp\/v2\/pages\/27\/revisions\/1141"}],"wp:attachment":[{"href":"https:\/\/arbolesartificiales.net\/index.php?rest_route=%2Fwp%2Fv2%2Fmedia&parent=27"}],"curies":[{"name":"wp","href":"https:\/\/api.w.org\/{rel}","templated":true}]}}